{"id":19533,"date":"2021-11-10T17:28:37","date_gmt":"2021-11-10T16:28:37","guid":{"rendered":"https:\/\/www.zoomfestival.org\/esdeveniment\/un-mundo-para-julius-seccio-oficial-ficcio\/"},"modified":"2021-11-10T17:28:37","modified_gmt":"2021-11-10T16:28:37","slug":"un-mundo-para-julius-seccio-oficial-ficcio","status":"publish","type":"tribe_events","link":"https:\/\/www.zoomfestival.org\/en\/esdeveniment\/un-mundo-para-julius-seccio-oficial-ficcio","title":{"rendered":"&#8220;Un Mundo Para Julius&#8221; (SECCI\u00d3 OFICIAL FICCI\u00d3)"},"content":{"rendered":"<h1>&#8220;Un Mundo Para Julius&#8221; (SECCI\u00d3 OFICIAL FICCI\u00d3)<\/h1>\n<p>RTVE, VisionaTV, Tombukt\u00fa Films i Machaco Films,  Espanya, 2020. 90\u2032. VO<\/p>\n<p><strong>Dijous 25 de novembre. 20:20h. ZoomLive<\/strong><\/p>\n<p>Conforme passen els anys, Julius a poc a poc anir\u00e0 perdent la innoc\u00e8ncia en descobrir i mai comprendre, un m\u00f3n adult ple de desigualtats i injust\u00edcies. <\/p>\n<p><a class=\"vc_general vc_btn3 vc_btn3-size-md vc_btn3-shape-rounded vc_btn3-style-flat vc_btn3-color-danger\" href=\"\/zoomlive\/\" title=\"\" target=\"_blank\" rel=\"noopener noreferrer\">ZoomLive<\/a>   <a class=\"vc_general vc_btn3 vc_btn3-size-md vc_btn3-shape-rounded vc_btn3-style-outline vc_btn3-color-black\" href=\"\/portfolio-item\/un-mundo-para-julius\/\" title=\"\" target=\"_blank\" rel=\"noopener noreferrer\">M\u00e9s informaci\u00f3<\/a><\/p>\n","protected":false},"excerpt":{"rendered":"<p>&#8220;Un Mundo Para Julius&#8221; (SECCI\u00d3 OFICIAL FICCI\u00d3) RTVE, VisionaTV, Tombukt\u00fa Films i Machaco Films, Espanya, 2020. 90\u2032. VO Dijous 25 de novembre. 20:20h. ZoomLive Conforme passen els anys, Julius a poc a poc anir\u00e0 perdent la innoc\u00e8ncia en descobrir i&hellip;<\/p>\n","protected":false},"author":8,"featured_media":18628,"comment_status":"open","ping_status":"closed","template":"","meta":{"_mi_skip_tracking":false,"_tribe_events_status":"","_tribe_events_status_reason":""},"tags":[],"tribe_events_cat":[250],"_links":{"self":[{"href":"https:\/\/www.zoomfestival.org\/en\/wp-json\/wp\/v2\/tribe_events\/19533"}],"collection":[{"href":"https:\/\/www.zoomfestival.org\/en\/wp-json\/wp\/v2\/tribe_events"}],"about":[{"href":"https:\/\/www.zoomfestival.org\/en\/wp-json\/wp\/v2\/types\/tribe_events"}],"author":[{"embeddable":true,"href":"https:\/\/www.zoomfestival.org\/en\/wp-json\/wp\/v2\/users\/8"}],"replies":[{"embeddable":true,"href":"https:\/\/www.zoomfestival.org\/en\/wp-json\/wp\/v2\/comments?post=19533"}],"version-history":[{"count":0,"href":"https:\/\/www.zoomfestival.org\/en\/wp-json\/wp\/v2\/tribe_events\/19533\/revisions"}],"wp:featuredmedia":[{"embeddable":true,"href":"https:\/\/www.zoomfestival.org\/en\/wp-json\/wp\/v2\/media\/18628"}],"wp:attachment":[{"href":"https:\/\/www.zoomfestival.org\/en\/wp-json\/wp\/v2\/media?parent=19533"}],"wp:term":[{"taxonomy":"post_tag","embeddable":true,"href":"https:\/\/www.zoomfestival.org\/en\/wp-json\/wp\/v2\/tags?post=19533"},{"taxonomy":"tribe_events_cat","embeddable":true,"href":"https:\/\/www.zoomfestival.org\/en\/wp-json\/wp\/v2\/tribe_events_cat?post=19533"}],"curies":[{"name":"wp","href":"https:\/\/api.w.org\/{rel}","templated":true}]}}

&#8220;Un Mundo Para Julius&#8221; (SECCIÓ OFICIAL FICCIÓ)

<h1>&#8220;Un Mundo Para Julius&#8221; (SECCIÓ OFICIAL FICCIÓ)</h1>
<p>RTVE, VisionaTV, Tombuktú Films i Machaco Films,  Espanya, 2020. 90′. VO</p>
<p><strong>Dijous 25 de novembre. 20:20h. ZoomLive</strong></p>
<p>Conforme passen els anys, Julius a poc a poc anirà perdent la innocència en descobrir i mai comprendre, un món adult ple de desigualtats i injustícies. </p>
<p><a class="vc_general vc_btn3 vc_btn3-size-md vc_btn3-shape-rounded vc_btn3-style-flat vc_btn3-color-danger" href="/zoomlive/" title="" target="_blank" rel="noopener noreferrer">ZoomLive</a>   <a class="vc_general vc_btn3 vc_btn3-size-md vc_btn3-shape-rounded vc_btn3-style-outline vc_btn3-color-black" href="/portfolio-item/un-mundo-para-julius/" title="" target="_blank" rel="noopener noreferrer">Més informació</a></p>

<p>&#8220;Un Mundo Para Julius&#8221; (SECCIÓ OFICIAL FICCIÓ) RTVE, VisionaTV, Tombuktú Films i Machaco Films, Espanya, 2020. 90′. VO Dijous 25 de novembre. 20:20h. ZoomLive Conforme passen els anys, Julius a poc a poc anirà perdent la innocència en descobrir i&hellip;</p>
