{"id":19554,"date":"2021-11-10T16:43:45","date_gmt":"2021-11-10T15:43:45","guid":{"rendered":"https:\/\/www.zoomfestival.org\/esdeveniment\/gen-playz-seccio-oficial-entreteniment\/"},"modified":"2021-11-10T16:43:45","modified_gmt":"2021-11-10T15:43:45","slug":"gen-playz-seccio-oficial-entreteniment","status":"publish","type":"tribe_events","link":"https:\/\/www.zoomfestival.org\/en\/esdeveniment\/gen-playz-seccio-oficial-entreteniment","title":{"rendered":"&#8220;Gen Playz&#8221; (SECCI\u00d3 OFICIAL INFORMATIUS)"},"content":{"rendered":"<h1>&#8220;Gen Playz&#8221; (SECCI\u00d3 OFICIAL INFORMATIUS)<\/h1>\n<p>RTVE, Espanya, 2021, debat. 57\u2032. VOE<\/p>\n<p><strong>Dimarts 23 de novembre. 21:00h. ZoomLive<\/strong><\/p>\n<p>Projecci\u00f3 d&#8217;un cap\u00edtol de &#8220;Gen Playz&#8221;: \u00bfTe borrar\u00edas de Instagram por salud mental?. Un programa de debat per a la Generaci\u00f3 Z que abordar\u00e0 els assumptes que interessen a joves i adolescents.<\/p>\n<p><a class=\"vc_general vc_btn3 vc_btn3-size-md vc_btn3-shape-rounded vc_btn3-style-flat vc_btn3-color-danger\" href=\"\/zoomlive\/\" title=\"\" target=\"_blank\" rel=\"noopener noreferrer\">ZoomLive<\/a>   <a class=\"vc_general vc_btn3 vc_btn3-size-md vc_btn3-shape-rounded vc_btn3-style-outline vc_btn3-color-black\" href=\"\/portfolio-item\/gen-playz\/\" title=\"\" target=\"_blank\" rel=\"noopener noreferrer\">M\u00e9s informaci\u00f3<\/a><\/p>\n","protected":false},"excerpt":{"rendered":"<p>&#8220;Gen Playz&#8221; (SECCI\u00d3 OFICIAL INFORMATIUS) RTVE, Espanya, 2021, debat. 57\u2032. VOE Dimarts 23 de novembre. 21:00h. ZoomLive Projecci\u00f3 d&#8217;un cap\u00edtol de &#8220;Gen Playz&#8221;: \u00bfTe borrar\u00edas de Instagram por salud mental?. Un programa de debat per a la Generaci\u00f3 Z que&hellip;<\/p>\n","protected":false},"author":8,"featured_media":18514,"comment_status":"open","ping_status":"closed","template":"","meta":{"_mi_skip_tracking":false,"_tribe_events_status":"","_tribe_events_status_reason":""},"tags":[],"tribe_events_cat":[250],"_links":{"self":[{"href":"https:\/\/www.zoomfestival.org\/en\/wp-json\/wp\/v2\/tribe_events\/19554"}],"collection":[{"href":"https:\/\/www.zoomfestival.org\/en\/wp-json\/wp\/v2\/tribe_events"}],"about":[{"href":"https:\/\/www.zoomfestival.org\/en\/wp-json\/wp\/v2\/types\/tribe_events"}],"author":[{"embeddable":true,"href":"https:\/\/www.zoomfestival.org\/en\/wp-json\/wp\/v2\/users\/8"}],"replies":[{"embeddable":true,"href":"https:\/\/www.zoomfestival.org\/en\/wp-json\/wp\/v2\/comments?post=19554"}],"version-history":[{"count":0,"href":"https:\/\/www.zoomfestival.org\/en\/wp-json\/wp\/v2\/tribe_events\/19554\/revisions"}],"wp:featuredmedia":[{"embeddable":true,"href":"https:\/\/www.zoomfestival.org\/en\/wp-json\/wp\/v2\/media\/18514"}],"wp:attachment":[{"href":"https:\/\/www.zoomfestival.org\/en\/wp-json\/wp\/v2\/media?parent=19554"}],"wp:term":[{"taxonomy":"post_tag","embeddable":true,"href":"https:\/\/www.zoomfestival.org\/en\/wp-json\/wp\/v2\/tags?post=19554"},{"taxonomy":"tribe_events_cat","embeddable":true,"href":"https:\/\/www.zoomfestival.org\/en\/wp-json\/wp\/v2\/tribe_events_cat?post=19554"}],"curies":[{"name":"wp","href":"https:\/\/api.w.org\/{rel}","templated":true}]}}

&#8220;Gen Playz&#8221; (SECCIÓ OFICIAL INFORMATIUS)

<h1>&#8220;Gen Playz&#8221; (SECCIÓ OFICIAL INFORMATIUS)</h1>
<p>RTVE, Espanya, 2021, debat. 57′. VOE</p>
<p><strong>Dimarts 23 de novembre. 21:00h. ZoomLive</strong></p>
<p>Projecció d&#8217;un capítol de &#8220;Gen Playz&#8221;: ¿Te borrarías de Instagram por salud mental?. Un programa de debat per a la Generació Z que abordarà els assumptes que interessen a joves i adolescents.</p>
<p><a class="vc_general vc_btn3 vc_btn3-size-md vc_btn3-shape-rounded vc_btn3-style-flat vc_btn3-color-danger" href="/zoomlive/" title="" target="_blank" rel="noopener noreferrer">ZoomLive</a>   <a class="vc_general vc_btn3 vc_btn3-size-md vc_btn3-shape-rounded vc_btn3-style-outline vc_btn3-color-black" href="/portfolio-item/gen-playz/" title="" target="_blank" rel="noopener noreferrer">Més informació</a></p>

<p>&#8220;Gen Playz&#8221; (SECCIÓ OFICIAL INFORMATIUS) RTVE, Espanya, 2021, debat. 57′. VOE Dimarts 23 de novembre. 21:00h. ZoomLive Projecció d&#8217;un capítol de &#8220;Gen Playz&#8221;: ¿Te borrarías de Instagram por salud mental?. Un programa de debat per a la Generació Z que&hellip;</p>
