{"id":21063,"date":"2022-10-26T08:40:36","date_gmt":"2022-10-26T06:40:36","guid":{"rendered":"https:\/\/www.zoomfestival.org\/esdeveniment\/zoom-class-ser-o-no-ser\/"},"modified":"2022-11-11T11:01:22","modified_gmt":"2022-11-11T10:01:22","slug":"zoom-class-ser-o-no-ser","status":"publish","type":"tribe_events","link":"https:\/\/www.zoomfestival.org\/en\/esdeveniment\/zoom-class-ser-o-no-ser","title":{"rendered":"ZOOM CLASS: &#8220;Ser o no ser&#8221;"},"content":{"rendered":"<h1><strong>ZOOM CLASS: &#8220;Ser o no ser&#8221;<\/strong><\/h1>\n<p><strong>Dimecres 23 de novembre. 11:30h. Teatre Municipal Ateneu<\/strong><\/p>\n<p>\u00c9s una s\u00e8rie de la plataforma PlayZ, produ\u00efda per RTVE en col\u00b7laboraci\u00f3 amb Big Bang Media (THE MEDIAPRO STUDIO), sobre un adolescent trans de 16 anys que somia en convertir-se en un gran actor al mateix temps que s\u2019enfronta a reptes emocionals de la seva recent iniciada transici\u00f3. <\/p>\n<p>L\u2019equip del programa explicar\u00e0 el secret de l\u2019\u00e8xit d\u2019aquesta s\u00e8rie tan necess\u00e0ria.<\/p>\n<h3>Ponents:<\/h3>\n<p><strong> Coral Cruz<\/strong>, creadora, i <strong>J\u00falia Gibert<\/strong> i <strong>Eduard Torres<\/strong>, membres de l&#8217;equip art\u00edstic.<\/p>\n<p><a class=\"vc_general vc_btn3 vc_btn3-size-md vc_btn3-shape-rounded vc_btn3-style-outline vc_btn3-color-black\" href=\"https:\/\/www.zoomfestival.org\/inscripcions-a-zoomclass\/\" title=\"\" target=\"_blank\" rel=\"noopener noreferrer\">Inscriu-te<\/a><\/p>\n","protected":false},"excerpt":{"rendered":"<p>ZOOM CLASS: &#8220;Ser o no ser&#8221; Dimecres 23 de novembre. 11:30h. Teatre Municipal Ateneu \u00c9s una s\u00e8rie de la plataforma PlayZ, produ\u00efda per RTVE en col\u00b7laboraci\u00f3 amb Big Bang Media (THE MEDIAPRO STUDIO), sobre un adolescent trans de 16 anys&hellip;<\/p>\n","protected":false},"author":8,"featured_media":21036,"comment_status":"open","ping_status":"closed","template":"","meta":{"_mi_skip_tracking":false,"_tribe_events_status":"","_tribe_events_status_reason":""},"tags":[],"tribe_events_cat":[251],"_links":{"self":[{"href":"https:\/\/www.zoomfestival.org\/en\/wp-json\/wp\/v2\/tribe_events\/21063"}],"collection":[{"href":"https:\/\/www.zoomfestival.org\/en\/wp-json\/wp\/v2\/tribe_events"}],"about":[{"href":"https:\/\/www.zoomfestival.org\/en\/wp-json\/wp\/v2\/types\/tribe_events"}],"author":[{"embeddable":true,"href":"https:\/\/www.zoomfestival.org\/en\/wp-json\/wp\/v2\/users\/8"}],"replies":[{"embeddable":true,"href":"https:\/\/www.zoomfestival.org\/en\/wp-json\/wp\/v2\/comments?post=21063"}],"version-history":[{"count":1,"href":"https:\/\/www.zoomfestival.org\/en\/wp-json\/wp\/v2\/tribe_events\/21063\/revisions"}],"predecessor-version":[{"id":21533,"href":"https:\/\/www.zoomfestival.org\/en\/wp-json\/wp\/v2\/tribe_events\/21063\/revisions\/21533"}],"wp:featuredmedia":[{"embeddable":true,"href":"https:\/\/www.zoomfestival.org\/en\/wp-json\/wp\/v2\/media\/21036"}],"wp:attachment":[{"href":"https:\/\/www.zoomfestival.org\/en\/wp-json\/wp\/v2\/media?parent=21063"}],"wp:term":[{"taxonomy":"post_tag","embeddable":true,"href":"https:\/\/www.zoomfestival.org\/en\/wp-json\/wp\/v2\/tags?post=21063"},{"taxonomy":"tribe_events_cat","embeddable":true,"href":"https:\/\/www.zoomfestival.org\/en\/wp-json\/wp\/v2\/tribe_events_cat?post=21063"}],"curies":[{"name":"wp","href":"https:\/\/api.w.org\/{rel}","templated":true}]}}

<h1><strong>ZOOM CLASS: &#8220;Ser o no ser&#8221;</strong></h1>
<p><strong>Dimecres 23 de novembre. 11:30h. Teatre Municipal Ateneu</strong></p>
<p>És una sèrie de la plataforma PlayZ, produïda per RTVE en col·laboració amb Big Bang Media (THE MEDIAPRO STUDIO), sobre un adolescent trans de 16 anys que somia en convertir-se en un gran actor al mateix temps que s’enfronta a reptes emocionals de la seva recent iniciada transició. </p>
<p>L’equip del programa explicarà el secret de l’èxit d’aquesta sèrie tan necessària.</p>
<h3>Ponents:</h3>
<p><strong> Coral Cruz</strong>, creadora, i <strong>Júlia Gibert</strong> i <strong>Eduard Torres</strong>, membres de l&#8217;equip artístic.</p>
<p><a class="vc_general vc_btn3 vc_btn3-size-md vc_btn3-shape-rounded vc_btn3-style-outline vc_btn3-color-black" href="https://www.zoomfestival.org/inscripcions-a-zoomclass/" title="" target="_blank" rel="noopener noreferrer">Inscriu-te</a></p>

<p>ZOOM CLASS: &#8220;Ser o no ser&#8221; Dimecres 23 de novembre. 11:30h. Teatre Municipal Ateneu És una sèrie de la plataforma PlayZ, produïda per RTVE en col·laboració amb Big Bang Media (THE MEDIAPRO STUDIO), sobre un adolescent trans de 16 anys&hellip;</p>
