{"id":21420,"date":"2022-11-03T13:19:58","date_gmt":"2022-11-03T12:19:58","guid":{"rendered":"https:\/\/www.zoomfestival.org\/esdeveniment\/the-phenomenon-eleven-meinong-conversations-seccio-oficial-informatius-culturals\/"},"modified":"2022-11-11T11:10:07","modified_gmt":"2022-11-11T10:10:07","slug":"the-phenomenon-eleven-meinong-conversations-seccio-oficial-informatius-culturals","status":"publish","type":"tribe_events","link":"https:\/\/www.zoomfestival.org\/en\/esdeveniment\/the-phenomenon-eleven-meinong-conversations-seccio-oficial-informatius-culturals","title":{"rendered":"&#8220;The Phenomenon&#8221; + &#8220;Eleven Meinong Conversations&#8221; (SECCI\u00d3 OFICIAL INFORMATIUS + CULTURALS)"},"content":{"rendered":"<h1>&#8220;The Phenomenon&#8221; (SECCI\u00d3 OFICIAL INFORMATIUS)<\/h1>\n<p>Rai, It\u00e0lia, reportatge, 2021, 44&#8242;. VOSC<\/p>\n<p><strong>Divendres 25 de novembre. 18:00h. Sala Petita Cinema Ateneu<\/strong><\/p>\n<p>Un viatge entre It\u00e0lia, Fran\u00e7a i Costa d&#8217;Ivori, seguint la pista del tr\u00e0fic de nadons futbolistes. <\/p>\n<p><a class=\"vc_general vc_btn3 vc_btn3-size-md vc_btn3-shape-rounded vc_btn3-style-flat vc_btn3-color-danger\" href=\"https:\/\/entrades.ateneucinema.cat\/comprar\/9AUq60W5QT\" title=\"\" target=\"_blank\" rel=\"noopener noreferrer\">Entrada<\/a>   <a class=\"vc_general vc_btn3 vc_btn3-size-md vc_btn3-shape-rounded vc_btn3-style-outline vc_btn3-color-black\" href=\"https:\/\/www.zoomfestival.org\/en\/portfolio-item\/the-phenomenon\/\" title=\"\" target=\"_blank\" rel=\"noopener noreferrer\">M\u00e9s informaci\u00f3<\/a><\/p>\n<p><\/br><\/br><\/p>\n<p><img src=\"https:\/\/www.zoomfestival.org\/wp-content\/uploads\/2022\/10\/11-Conversations-in-Meinong_06.jpg\" alt=\"Eleven\" \/><\/p>\n<h1>&#8220;Eleven Meinong Conversations&#8221; (SECCI\u00d3 OFICIAL CULTURALS)<\/h1>\n<p>Hakka TV, Taiwan, documental musical, 2021, 54&#8242;. VOSC<\/p>\n<p><strong>Divendres 25 de novembre. 18:00h. Sala Petita Cinema Ateneu<\/strong><\/p>\n<p>Eleven Meinong Conversations convida al productor musical i cantautor Wing Lo a tornar a la seva assolellada ciutat natal de Meinong i complir un somni musical de deu anys. <\/p>\n<p><a class=\"vc_general vc_btn3 vc_btn3-size-md vc_btn3-shape-rounded vc_btn3-style-flat vc_btn3-color-danger\" href=\"https:\/\/entrades.ateneucinema.cat\/comprar\/9AUq60W5QT\" title=\"\" target=\"_blank\" rel=\"noopener noreferrer\">Entrada<\/a>   <a class=\"vc_general vc_btn3 vc_btn3-size-md vc_btn3-shape-rounded vc_btn3-style-outline vc_btn3-color-black\" href=\"https:\/\/www.zoomfestival.org\/en\/portfolio-item\/eleven-meinong-conversations\/\" title=\"\" target=\"_blank\" rel=\"noopener noreferrer\">M\u00e9s informaci\u00f3<\/a><\/p>\n","protected":false},"excerpt":{"rendered":"<p>&#8220;The Phenomenon&#8221; (SECCI\u00d3 OFICIAL INFORMATIUS) Rai, It\u00e0lia, reportatge, 2021, 44&#8242;. VOSC Divendres 25 de novembre. 18:00h. Sala Petita Cinema Ateneu Un viatge entre It\u00e0lia, Fran\u00e7a i Costa d&#8217;Ivori, seguint la pista del tr\u00e0fic de nadons futbolistes. Entrada M\u00e9s informaci\u00f3 &#8220;Eleven&hellip;<\/p>\n","protected":false},"author":8,"featured_media":20374,"comment_status":"open","ping_status":"closed","template":"","meta":{"_mi_skip_tracking":false,"_tribe_events_status":"","_tribe_events_status_reason":""},"tags":[],"tribe_events_cat":[],"_links":{"self":[{"href":"https:\/\/www.zoomfestival.org\/en\/wp-json\/wp\/v2\/tribe_events\/21420"}],"collection":[{"href":"https:\/\/www.zoomfestival.org\/en\/wp-json\/wp\/v2\/tribe_events"}],"about":[{"href":"https:\/\/www.zoomfestival.org\/en\/wp-json\/wp\/v2\/types\/tribe_events"}],"author":[{"embeddable":true,"href":"https:\/\/www.zoomfestival.org\/en\/wp-json\/wp\/v2\/users\/8"}],"replies":[{"embeddable":true,"href":"https:\/\/www.zoomfestival.org\/en\/wp-json\/wp\/v2\/comments?post=21420"}],"version-history":[{"count":1,"href":"https:\/\/www.zoomfestival.org\/en\/wp-json\/wp\/v2\/tribe_events\/21420\/revisions"}],"predecessor-version":[{"id":21704,"href":"https:\/\/www.zoomfestival.org\/en\/wp-json\/wp\/v2\/tribe_events\/21420\/revisions\/21704"}],"wp:featuredmedia":[{"embeddable":true,"href":"https:\/\/www.zoomfestival.org\/en\/wp-json\/wp\/v2\/media\/20374"}],"wp:attachment":[{"href":"https:\/\/www.zoomfestival.org\/en\/wp-json\/wp\/v2\/media?parent=21420"}],"wp:term":[{"taxonomy":"post_tag","embeddable":true,"href":"https:\/\/www.zoomfestival.org\/en\/wp-json\/wp\/v2\/tags?post=21420"},{"taxonomy":"tribe_events_cat","embeddable":true,"href":"https:\/\/www.zoomfestival.org\/en\/wp-json\/wp\/v2\/tribe_events_cat?post=21420"}],"curies":[{"name":"wp","href":"https:\/\/api.w.org\/{rel}","templated":true}]}}

&#8220;The Phenomenon&#8221; + &#8220;Eleven Meinong Conversations&#8221; (SECCIÓ OFICIAL INFORMATIUS + CULTURALS)

<h1>&#8220;The Phenomenon&#8221; (SECCIÓ OFICIAL INFORMATIUS)</h1>
<p>Rai, Itàlia, reportatge, 2021, 44&#8242;. VOSC</p>
<p><strong>Divendres 25 de novembre. 18:00h. Sala Petita Cinema Ateneu</strong></p>
<p>Un viatge entre Itàlia, França i Costa d&#8217;Ivori, seguint la pista del tràfic de nadons futbolistes. </p>
<p><a class="vc_general vc_btn3 vc_btn3-size-md vc_btn3-shape-rounded vc_btn3-style-flat vc_btn3-color-danger" href="https://entrades.ateneucinema.cat/comprar/9AUq60W5QT" title="" target="_blank" rel="noopener noreferrer">Entrada</a>   <a class="vc_general vc_btn3 vc_btn3-size-md vc_btn3-shape-rounded vc_btn3-style-outline vc_btn3-color-black" href="https://www.zoomfestival.org/en/portfolio-item/the-phenomenon/" title="" target="_blank" rel="noopener noreferrer">Més informació</a></p>
<p></br></br></p>
<p><img src="https://www.zoomfestival.org/wp-content/uploads/2022/10/11-Conversations-in-Meinong_06.jpg" alt="Eleven" /></p>
<h1>&#8220;Eleven Meinong Conversations&#8221; (SECCIÓ OFICIAL CULTURALS)</h1>
<p>Hakka TV, Taiwan, documental musical, 2021, 54&#8242;. VOSC</p>
<p><strong>Divendres 25 de novembre. 18:00h. Sala Petita Cinema Ateneu</strong></p>
<p>Eleven Meinong Conversations convida al productor musical i cantautor Wing Lo a tornar a la seva assolellada ciutat natal de Meinong i complir un somni musical de deu anys. </p>
<p><a class="vc_general vc_btn3 vc_btn3-size-md vc_btn3-shape-rounded vc_btn3-style-flat vc_btn3-color-danger" href="https://entrades.ateneucinema.cat/comprar/9AUq60W5QT" title="" target="_blank" rel="noopener noreferrer">Entrada</a>   <a class="vc_general vc_btn3 vc_btn3-size-md vc_btn3-shape-rounded vc_btn3-style-outline vc_btn3-color-black" href="https://www.zoomfestival.org/en/portfolio-item/eleven-meinong-conversations/" title="" target="_blank" rel="noopener noreferrer">Més informació</a></p>

<p>&#8220;The Phenomenon&#8221; (SECCIÓ OFICIAL INFORMATIUS) Rai, Itàlia, reportatge, 2021, 44&#8242;. VOSC Divendres 25 de novembre. 18:00h. Sala Petita Cinema Ateneu Un viatge entre Itàlia, França i Costa d&#8217;Ivori, seguint la pista del tràfic de nadons futbolistes. Entrada Més informació &#8220;Eleven&hellip;</p>
