{"id":13294,"date":"2019-11-13T17:05:21","date_gmt":"2019-11-13T16:05:21","guid":{"rendered":"https:\/\/www.zoomfestival.org\/esdeveniment\/seccio-oficial-ficcio-try\/"},"modified":"2019-11-13T17:05:21","modified_gmt":"2019-11-13T16:05:21","slug":"seccio-oficial-ficcio-try","status":"publish","type":"tribe_events","link":"https:\/\/www.zoomfestival.org\/es\/esdeveniment\/seccio-oficial-ficcio-try","title":{"rendered":"SECCI\u00d3 OFICIAL FICCI\u00d3: \u201cTry\u201d"},"content":{"rendered":"<h1>SECCI\u00d3 OFICIAL FICCI\u00d3: \u201cTry\u201d<\/h1>\n<h4>Angel de Haro, Espanya, 2018. Drama. VO. 90&#8242;<\/h4>\n<p>Camila i Marcos, millors amics des de la inf\u00e0ncia, es retroben passat un temps sense tenir contacte.\u00a0Marcos viu a Nova York, a\u00efllat completament del seu passat, combinant projectes teatrals amb\u00a0l&#8217;ensenyament en una escola de teatre infantil. Camila, despr\u00e9s de 39 anys treballant com a cantant en\u00a0creuers, sent que la seva vida est\u00e0 estancada i busca un canvi presentant-se per sorpresa en la\u00a0gran ciutat.<\/p>\n<p>Caminen en la seva pr\u00f2pia cerca personal sense ser conscients de qui s\u00f3n, perqu\u00e8 el\u00a0pas del temps no ha impedit que continu\u00efn amagant-se en els personatges dels seus particulars\u00a0jocs per a no afrontar la maduresa. La visita de Camila ser\u00e0 un viatge d&#8217;acceptaci\u00f3, redempci\u00f3 i\u00a0creixement per a tots dos.<\/p>\n<a href=\"https:\/\/ateneucinema.cat\/pelis\/t-r-y\/\" title=\"Comprar entrades\" class=\"vcex-button theme-button flat black small align-left inline animate-on-hover\"><span class=\"theme-button-inner\">Comprar entrades<\/span><\/a> \n","protected":false},"excerpt":{"rendered":"<p>SECCI\u00d3 OFICIAL FICCI\u00d3: \u201cTry\u201d Angel de Haro, Espanya, 2018. Drama. VO. 90&#8242; Camila i Marcos, millors amics des de la inf\u00e0ncia, es retroben passat un temps sense tenir contacte.\u00a0Marcos viu a Nova York, a\u00efllat completament del seu passat, combinant projectes&hellip;<\/p>\n","protected":false},"author":7,"featured_media":12136,"comment_status":"open","ping_status":"closed","template":"","meta":{"_mi_skip_tracking":false,"_tribe_events_status":"","_tribe_events_status_reason":""},"tags":[153],"tribe_events_cat":[],"_links":{"self":[{"href":"https:\/\/www.zoomfestival.org\/es\/wp-json\/wp\/v2\/tribe_events\/13294"}],"collection":[{"href":"https:\/\/www.zoomfestival.org\/es\/wp-json\/wp\/v2\/tribe_events"}],"about":[{"href":"https:\/\/www.zoomfestival.org\/es\/wp-json\/wp\/v2\/types\/tribe_events"}],"author":[{"embeddable":true,"href":"https:\/\/www.zoomfestival.org\/es\/wp-json\/wp\/v2\/users\/7"}],"replies":[{"embeddable":true,"href":"https:\/\/www.zoomfestival.org\/es\/wp-json\/wp\/v2\/comments?post=13294"}],"version-history":[{"count":0,"href":"https:\/\/www.zoomfestival.org\/es\/wp-json\/wp\/v2\/tribe_events\/13294\/revisions"}],"wp:featuredmedia":[{"embeddable":true,"href":"https:\/\/www.zoomfestival.org\/es\/wp-json\/wp\/v2\/media\/12136"}],"wp:attachment":[{"href":"https:\/\/www.zoomfestival.org\/es\/wp-json\/wp\/v2\/media?parent=13294"}],"wp:term":[{"taxonomy":"post_tag","embeddable":true,"href":"https:\/\/www.zoomfestival.org\/es\/wp-json\/wp\/v2\/tags?post=13294"},{"taxonomy":"tribe_events_cat","embeddable":true,"href":"https:\/\/www.zoomfestival.org\/es\/wp-json\/wp\/v2\/tribe_events_cat?post=13294"}],"curies":[{"name":"wp","href":"https:\/\/api.w.org\/{rel}","templated":true}]}}

SECCIÓ OFICIAL FICCIÓ: “Try”

<h1>SECCIÓ OFICIAL FICCIÓ: “Try”</h1>
<h4>Angel de Haro, Espanya, 2018. Drama. VO. 90&#8242;</h4>
<p>Camila i Marcos, millors amics des de la infància, es retroben passat un temps sense tenir contacte. Marcos viu a Nova York, aïllat completament del seu passat, combinant projectes teatrals amb l&#8217;ensenyament en una escola de teatre infantil. Camila, després de 39 anys treballant com a cantant en creuers, sent que la seva vida està estancada i busca un canvi presentant-se per sorpresa en la gran ciutat.</p>
<p>Caminen en la seva pròpia cerca personal sense ser conscients de qui són, perquè el pas del temps no ha impedit que continuïn amagant-se en els personatges dels seus particulars jocs per a no afrontar la maduresa. La visita de Camila serà un viatge d&#8217;acceptació, redempció i creixement per a tots dos.</p>
<a href="https://ateneucinema.cat/pelis/t-r-y/" title="Comprar entrades" class="vcex-button theme-button flat black small align-left inline animate-on-hover"><span class="theme-button-inner">Comprar entrades</span></a>

<p>SECCIÓ OFICIAL FICCIÓ: “Try” Angel de Haro, Espanya, 2018. Drama. VO. 90&#8242; Camila i Marcos, millors amics des de la infància, es retroben passat un temps sense tenir contacte. Marcos viu a Nova York, aïllat completament del seu passat, combinant projectes&hellip;</p>
