{"id":16507,"date":"2020-11-18T12:36:55","date_gmt":"2020-11-18T11:36:55","guid":{"rendered":"https:\/\/www.zoomfestival.org\/esdeveniment\/non-far-rumore-seccio-oficial-cultural\/"},"modified":"2020-11-20T13:03:52","modified_gmt":"2020-11-20T12:03:52","slug":"non-far-rumore-seccio-oficial-cultural","status":"publish","type":"tribe_events","link":"https:\/\/www.zoomfestival.org\/es\/esdeveniment\/non-far-rumore-seccio-oficial-cultural","title":{"rendered":"\u00abNon far rumore\u00bb &#8211; SECCI\u00d3N OFICIAL CULTURAL"},"content":{"rendered":"<h1>\u00abNon far rumore\u00bb<\/h1>\n<h3>Mario Maellaro, Rai Italia, It\u00e0lia, 2019, docufilm. 47&#8242;. <span class=\"text-highlight\">Estrena!<\/span><\/h3>\n<p><strong>28 de novembre. 13:30h. Online: ZoomLive<\/strong><\/p>\n<p>Despu\u00e9s de la Segunda Guerra Mundial, m\u00e1s de 2 millones de italianos emigraron a Suiza, donde la ley entonces vigente no preve\u00eda la reunificaci\u00f3n familiar. De hecho, estaba prohibido que los trabajadores migrantes llevaran a sus hijos con ellos. Y entre 1950 y 1980, de 15 a 30 mil ni\u00f1os entraron en Suiza como inmigrantes ilegales, que viv\u00edan escondidos en casa, sin poder ir a la escuela, salir ni jugar.<\/p>\n<p><a class=\"vc_general vc_btn3 vc_btn3-size-md vc_btn3-shape-rounded vc_btn3-style-flat vc_btn3-color-danger\" href=\"\/zoomLive\/\" title=\"\" target=\"_blank\" rel=\"noopener noreferrer\">ZoomLive<\/a>   <a class=\"vc_general vc_btn3 vc_btn3-size-md vc_btn3-shape-rounded vc_btn3-style-outline vc_btn3-color-black\" href=\"\/es\/portfolio-item\/non-far-rumore\/\" title=\"\" target=\"_blank\" rel=\"noopener noreferrer\">M\u00e1s info<\/a><\/p>\n","protected":false},"excerpt":{"rendered":"<p>\u00abNon far rumore\u00bb Mario Maellaro, Rai Italia, It\u00e0lia, 2019, docufilm. 47&#8242;. Estrena! 28 de novembre. 13:30h. Online: ZoomLive Despu\u00e9s de la Segunda Guerra Mundial, m\u00e1s de 2 millones de italianos emigraron a Suiza, donde la ley entonces vigente no preve\u00eda&hellip;<\/p>\n","protected":false},"author":8,"featured_media":14866,"comment_status":"open","ping_status":"closed","template":"","meta":{"_mi_skip_tracking":false,"_tribe_events_status":"","_tribe_events_status_reason":""},"tags":[149],"tribe_events_cat":[],"_links":{"self":[{"href":"https:\/\/www.zoomfestival.org\/es\/wp-json\/wp\/v2\/tribe_events\/16507"}],"collection":[{"href":"https:\/\/www.zoomfestival.org\/es\/wp-json\/wp\/v2\/tribe_events"}],"about":[{"href":"https:\/\/www.zoomfestival.org\/es\/wp-json\/wp\/v2\/types\/tribe_events"}],"author":[{"embeddable":true,"href":"https:\/\/www.zoomfestival.org\/es\/wp-json\/wp\/v2\/users\/8"}],"replies":[{"embeddable":true,"href":"https:\/\/www.zoomfestival.org\/es\/wp-json\/wp\/v2\/comments?post=16507"}],"version-history":[{"count":2,"href":"https:\/\/www.zoomfestival.org\/es\/wp-json\/wp\/v2\/tribe_events\/16507\/revisions"}],"predecessor-version":[{"id":16513,"href":"https:\/\/www.zoomfestival.org\/es\/wp-json\/wp\/v2\/tribe_events\/16507\/revisions\/16513"}],"wp:featuredmedia":[{"embeddable":true,"href":"https:\/\/www.zoomfestival.org\/es\/wp-json\/wp\/v2\/media\/14866"}],"wp:attachment":[{"href":"https:\/\/www.zoomfestival.org\/es\/wp-json\/wp\/v2\/media?parent=16507"}],"wp:term":[{"taxonomy":"post_tag","embeddable":true,"href":"https:\/\/www.zoomfestival.org\/es\/wp-json\/wp\/v2\/tags?post=16507"},{"taxonomy":"tribe_events_cat","embeddable":true,"href":"https:\/\/www.zoomfestival.org\/es\/wp-json\/wp\/v2\/tribe_events_cat?post=16507"}],"curies":[{"name":"wp","href":"https:\/\/api.w.org\/{rel}","templated":true}]}}

«Non far rumore» &#8211; SECCIÓN OFICIAL CULTURAL

<h1>«Non far rumore»</h1>
<h3>Mario Maellaro, Rai Italia, Itàlia, 2019, docufilm. 47&#8242;. <span class="text-highlight">Estrena!</span></h3>
<p><strong>28 de novembre. 13:30h. Online: ZoomLive</strong></p>
<p>Después de la Segunda Guerra Mundial, más de 2 millones de italianos emigraron a Suiza, donde la ley entonces vigente no preveía la reunificación familiar. De hecho, estaba prohibido que los trabajadores migrantes llevaran a sus hijos con ellos. Y entre 1950 y 1980, de 15 a 30 mil niños entraron en Suiza como inmigrantes ilegales, que vivían escondidos en casa, sin poder ir a la escuela, salir ni jugar.</p>
<p><a class="vc_general vc_btn3 vc_btn3-size-md vc_btn3-shape-rounded vc_btn3-style-flat vc_btn3-color-danger" href="/zoomLive/" title="" target="_blank" rel="noopener noreferrer">ZoomLive</a>   <a class="vc_general vc_btn3 vc_btn3-size-md vc_btn3-shape-rounded vc_btn3-style-outline vc_btn3-color-black" href="/es/portfolio-item/non-far-rumore/" title="" target="_blank" rel="noopener noreferrer">Más info</a></p>

<p>«Non far rumore» Mario Maellaro, Rai Italia, Itàlia, 2019, docufilm. 47&#8242;. Estrena! 28 de novembre. 13:30h. Online: ZoomLive Después de la Segunda Guerra Mundial, más de 2 millones de italianos emigraron a Suiza, donde la ley entonces vigente no preveía&hellip;</p>
