{"id":16531,"date":"2020-11-18T12:09:39","date_gmt":"2020-11-18T11:09:39","guid":{"rendered":"https:\/\/www.zoomfestival.org\/esdeveniment\/ein-dorf-wehrt-sich-seccio-oficial-ficcio\/"},"modified":"2020-11-20T13:19:57","modified_gmt":"2020-11-20T12:19:57","slug":"ein-dorf-wehrt-sich-seccio-oficial-ficcio","status":"publish","type":"tribe_events","link":"https:\/\/www.zoomfestival.org\/es\/esdeveniment\/ein-dorf-wehrt-sich-seccio-oficial-ficcio","title":{"rendered":"\u00abEin Dorf Wehrt sich\u00bb &#8211; SECCI\u00d3N OFICIAL FICCI\u00d3N"},"content":{"rendered":"<h1>\u00abEin Dorf Wehrt sich\u00bb <\/h1>\n<h3>Gabriela Zerhau, Alemanya \/ \u00c0ustria, 2019. 107&#8242;. <span class=\"text-highlight\">Estrena!<\/span><\/h3>\n<p><strong>26 de novembre. 22h. Online: ZoomLive<\/strong><\/p>\n<p>Un peque\u00f1o pueblo contra el resto del mundo. En los \u00faltimos d\u00edas de la Segunda Guerra Mundial, los mineros se atreven a levantarse contra la a\u00fan enfurecida locura nacionalsocialista que amenaza con destruir su sustento, la mina de sal. Al hacerlo, salvar\u00e1n al mayor tesoro de arte robado de Europa de la destrucci\u00f3n segura.<\/p>\n<p><a class=\"vc_general vc_btn3 vc_btn3-size-md vc_btn3-shape-rounded vc_btn3-style-flat vc_btn3-color-danger\" href=\"\/zoomLive\/\" title=\"\" target=\"_blank\" rel=\"noopener noreferrer\">ZoomLive<\/a>   <a class=\"vc_general vc_btn3 vc_btn3-size-md vc_btn3-shape-rounded vc_btn3-style-outline vc_btn3-color-black\" href=\"\/es\/portfolio-item\/ein-dorf-wehrt-sich\/\" title=\"\" target=\"_blank\" rel=\"noopener noreferrer\">M\u00e1s info<\/a><\/p>\n","protected":false},"excerpt":{"rendered":"<p>\u00abEin Dorf Wehrt sich\u00bb Gabriela Zerhau, Alemanya \/ \u00c0ustria, 2019. 107&#8242;. Estrena! 26 de novembre. 22h. Online: ZoomLive Un peque\u00f1o pueblo contra el resto del mundo. En los \u00faltimos d\u00edas de la Segunda Guerra Mundial, los mineros se atreven a&hellip;<\/p>\n","protected":false},"author":8,"featured_media":14542,"comment_status":"open","ping_status":"closed","template":"","meta":{"_mi_skip_tracking":false,"_tribe_events_status":"","_tribe_events_status_reason":""},"tags":[153],"tribe_events_cat":[],"_links":{"self":[{"href":"https:\/\/www.zoomfestival.org\/es\/wp-json\/wp\/v2\/tribe_events\/16531"}],"collection":[{"href":"https:\/\/www.zoomfestival.org\/es\/wp-json\/wp\/v2\/tribe_events"}],"about":[{"href":"https:\/\/www.zoomfestival.org\/es\/wp-json\/wp\/v2\/types\/tribe_events"}],"author":[{"embeddable":true,"href":"https:\/\/www.zoomfestival.org\/es\/wp-json\/wp\/v2\/users\/8"}],"replies":[{"embeddable":true,"href":"https:\/\/www.zoomfestival.org\/es\/wp-json\/wp\/v2\/comments?post=16531"}],"version-history":[{"count":2,"href":"https:\/\/www.zoomfestival.org\/es\/wp-json\/wp\/v2\/tribe_events\/16531\/revisions"}],"predecessor-version":[{"id":16538,"href":"https:\/\/www.zoomfestival.org\/es\/wp-json\/wp\/v2\/tribe_events\/16531\/revisions\/16538"}],"wp:featuredmedia":[{"embeddable":true,"href":"https:\/\/www.zoomfestival.org\/es\/wp-json\/wp\/v2\/media\/14542"}],"wp:attachment":[{"href":"https:\/\/www.zoomfestival.org\/es\/wp-json\/wp\/v2\/media?parent=16531"}],"wp:term":[{"taxonomy":"post_tag","embeddable":true,"href":"https:\/\/www.zoomfestival.org\/es\/wp-json\/wp\/v2\/tags?post=16531"},{"taxonomy":"tribe_events_cat","embeddable":true,"href":"https:\/\/www.zoomfestival.org\/es\/wp-json\/wp\/v2\/tribe_events_cat?post=16531"}],"curies":[{"name":"wp","href":"https:\/\/api.w.org\/{rel}","templated":true}]}}

«Ein Dorf Wehrt sich» &#8211; SECCIÓN OFICIAL FICCIÓN

<h1>«Ein Dorf Wehrt sich» </h1>
<h3>Gabriela Zerhau, Alemanya / Àustria, 2019. 107&#8242;. <span class="text-highlight">Estrena!</span></h3>
<p><strong>26 de novembre. 22h. Online: ZoomLive</strong></p>
<p>Un pequeño pueblo contra el resto del mundo. En los últimos días de la Segunda Guerra Mundial, los mineros se atreven a levantarse contra la aún enfurecida locura nacionalsocialista que amenaza con destruir su sustento, la mina de sal. Al hacerlo, salvarán al mayor tesoro de arte robado de Europa de la destrucción segura.</p>
<p><a class="vc_general vc_btn3 vc_btn3-size-md vc_btn3-shape-rounded vc_btn3-style-flat vc_btn3-color-danger" href="/zoomLive/" title="" target="_blank" rel="noopener noreferrer">ZoomLive</a>   <a class="vc_general vc_btn3 vc_btn3-size-md vc_btn3-shape-rounded vc_btn3-style-outline vc_btn3-color-black" href="/es/portfolio-item/ein-dorf-wehrt-sich/" title="" target="_blank" rel="noopener noreferrer">Más info</a></p>

<p>«Ein Dorf Wehrt sich» Gabriela Zerhau, Alemanya / Àustria, 2019. 107&#8242;. Estrena! 26 de novembre. 22h. Online: ZoomLive Un pequeño pueblo contra el resto del mundo. En los últimos días de la Segunda Guerra Mundial, los mineros se atreven a&hellip;</p>
