{"id":16533,"date":"2020-11-09T13:38:35","date_gmt":"2020-11-09T12:38:35","guid":{"rendered":"https:\/\/www.zoomfestival.org\/esdeveniment\/zoom-class-los-espabilados-dalbert-espinoza-pre-estrena\/"},"modified":"2020-11-26T17:26:12","modified_gmt":"2020-11-26T16:26:12","slug":"zoom-class-los-espabilados-dalbert-espinoza-pre-estrena","status":"publish","type":"tribe_events","link":"https:\/\/www.zoomfestival.org\/es\/esdeveniment\/zoom-class-los-espabilados-dalbert-espinoza-pre-estrena","title":{"rendered":"ZOOM CLASS: \u00abLos espabilados\u00bb d&#8217;Albert Espinosa. PRE-ESTRENA!"},"content":{"rendered":"<h1><strong>ZOOM CLASS: \u00abLos espabilados\u00bb d&#8217;Albert Espinosa. PRE-ESTRENA!<\/strong><\/h1>\n<p><strong>26 de novembre. 18:30h. Online: ZoomLive<\/strong><\/p>\n<p>Despu\u00e9s del exito de Polseres Vermelles, el escriptor y guionista Albert Espinosa presenta \u00abLos espabilados\u00bb, una nueva serie que se podr\u00e1 ver pr\u00f3ximamente en Movistar+. El Festival Zoom presenta dos cap\u00edtulos en exclusiva, comentados por sus creadores. Un aur\u00e9ntico lujo. <\/p>\n<h3>Ponentes:<\/h3>\n<p><strong>Albert Espinosa<\/strong>, creador y guionista  y  <strong>Roger Gual<\/strong>, director de la serie. Moderado por el periodista <strong>David \u00c0vila<\/strong><\/p>\n<p><a class=\"vc_general vc_btn3 vc_btn3-size-md vc_btn3-shape-rounded vc_btn3-style-outline vc_btn3-color-black\" href=\"https:\/\/www.zoomfestival.org\/inscripcions-a-zoomclass\/\" title=\"\" target=\"_blank\" rel=\"noopener noreferrer\">Inscripciones<\/a><\/p>\n","protected":false},"excerpt":{"rendered":"<p>ZOOM CLASS: \u00abLos espabilados\u00bb d&#8217;Albert Espinosa. PRE-ESTRENA! 26 de novembre. 18:30h. Online: ZoomLive Despu\u00e9s del exito de Polseres Vermelles, el escriptor y guionista Albert Espinosa presenta \u00abLos espabilados\u00bb, una nueva serie que se podr\u00e1 ver pr\u00f3ximamente en Movistar+. El Festival&hellip;<\/p>\n","protected":false},"author":8,"featured_media":15674,"comment_status":"open","ping_status":"closed","template":"","meta":{"_mi_skip_tracking":false,"_tribe_events_status":"","_tribe_events_status_reason":""},"tags":[],"tribe_events_cat":[141],"_links":{"self":[{"href":"https:\/\/www.zoomfestival.org\/es\/wp-json\/wp\/v2\/tribe_events\/16533"}],"collection":[{"href":"https:\/\/www.zoomfestival.org\/es\/wp-json\/wp\/v2\/tribe_events"}],"about":[{"href":"https:\/\/www.zoomfestival.org\/es\/wp-json\/wp\/v2\/types\/tribe_events"}],"author":[{"embeddable":true,"href":"https:\/\/www.zoomfestival.org\/es\/wp-json\/wp\/v2\/users\/8"}],"replies":[{"embeddable":true,"href":"https:\/\/www.zoomfestival.org\/es\/wp-json\/wp\/v2\/comments?post=16533"}],"version-history":[{"count":3,"href":"https:\/\/www.zoomfestival.org\/es\/wp-json\/wp\/v2\/tribe_events\/16533\/revisions"}],"predecessor-version":[{"id":17048,"href":"https:\/\/www.zoomfestival.org\/es\/wp-json\/wp\/v2\/tribe_events\/16533\/revisions\/17048"}],"wp:featuredmedia":[{"embeddable":true,"href":"https:\/\/www.zoomfestival.org\/es\/wp-json\/wp\/v2\/media\/15674"}],"wp:attachment":[{"href":"https:\/\/www.zoomfestival.org\/es\/wp-json\/wp\/v2\/media?parent=16533"}],"wp:term":[{"taxonomy":"post_tag","embeddable":true,"href":"https:\/\/www.zoomfestival.org\/es\/wp-json\/wp\/v2\/tags?post=16533"},{"taxonomy":"tribe_events_cat","embeddable":true,"href":"https:\/\/www.zoomfestival.org\/es\/wp-json\/wp\/v2\/tribe_events_cat?post=16533"}],"curies":[{"name":"wp","href":"https:\/\/api.w.org\/{rel}","templated":true}]}}

<h1><strong>ZOOM CLASS: «Los espabilados» d&#8217;Albert Espinosa. PRE-ESTRENA!</strong></h1>
<p><strong>26 de novembre. 18:30h. Online: ZoomLive</strong></p>
<p>Después del exito de Polseres Vermelles, el escriptor y guionista Albert Espinosa presenta «Los espabilados», una nueva serie que se podrá ver próximamente en Movistar+. El Festival Zoom presenta dos capítulos en exclusiva, comentados por sus creadores. Un auréntico lujo. </p>
<h3>Ponentes:</h3>
<p><strong>Albert Espinosa</strong>, creador y guionista  y  <strong>Roger Gual</strong>, director de la serie. Moderado por el periodista <strong>David Àvila</strong></p>
<p><a class="vc_general vc_btn3 vc_btn3-size-md vc_btn3-shape-rounded vc_btn3-style-outline vc_btn3-color-black" href="https://www.zoomfestival.org/inscripcions-a-zoomclass/" title="" target="_blank" rel="noopener noreferrer">Inscripciones</a></p>

<p>ZOOM CLASS: «Los espabilados» d&#8217;Albert Espinosa. PRE-ESTRENA! 26 de novembre. 18:30h. Online: ZoomLive Después del exito de Polseres Vermelles, el escriptor y guionista Albert Espinosa presenta «Los espabilados», una nueva serie que se podrá ver próximamente en Movistar+. El Festival&hellip;</p>
