{"id":16551,"date":"2020-11-18T11:38:19","date_gmt":"2020-11-18T10:38:19","guid":{"rendered":"https:\/\/www.zoomfestival.org\/esdeveniment\/12-03-20-seccio-oficial-informatius\/"},"modified":"2020-11-26T09:20:13","modified_gmt":"2020-11-26T08:20:13","slug":"12-03-20-seccio-oficial-informatius","status":"publish","type":"tribe_events","link":"https:\/\/www.zoomfestival.org\/es\/esdeveniment\/12-03-20-seccio-oficial-informatius","title":{"rendered":"\u00ab13 03 20\u00bb &#8211; SECCI\u00d3N OFICIAL INFORMATIVOS"},"content":{"rendered":"<h1>\u201c12 03 20&#8243;<\/h1>\n<h3>Marta Paix\u00e0, R\u00e0dio i Televisi\u00f3 d\u2019Andorra, Andorra, 2020. 55&#8242; <\/h3>\n<p><strong>25 de noviembre. 19:30h. Online: ZoomLive<\/strong><\/p>\n<p>Seguimiento y an\u00e1lisis de c\u00f3mo la sociedad andorrana y el Gobierno, en particular, ha vivido desde que empez\u00f3 el confinamiento hasta pasado el verano en el Principado de Andorra. Con im\u00e1genes y declaraciones in\u00e9ditas.<br \/>\n<a class=\"vc_general vc_btn3 vc_btn3-size-md vc_btn3-shape-rounded vc_btn3-style-flat vc_btn3-color-danger\" href=\"\/zoomLive\/\" title=\"\" target=\"_blank\" rel=\"noopener noreferrer\">ZoomLive<\/a>   <a class=\"vc_general vc_btn3 vc_btn3-size-md vc_btn3-shape-rounded vc_btn3-style-outline vc_btn3-color-black\" href=\"https:\/\/www.zoomfestival.org\/es\/portfolio-item\/13-3-20\/\" title=\"\" target=\"_blank\" rel=\"noopener noreferrer\">M\u00e1s info<\/a><\/p>\n","protected":false},"excerpt":{"rendered":"<p>\u201c12 03 20&#8243; Marta Paix\u00e0, R\u00e0dio i Televisi\u00f3 d\u2019Andorra, Andorra, 2020. 55&#8242; 25 de noviembre. 19:30h. Online: ZoomLive Seguimiento y an\u00e1lisis de c\u00f3mo la sociedad andorrana y el Gobierno, en particular, ha vivido desde que empez\u00f3 el confinamiento hasta pasado&hellip;<\/p>\n","protected":false},"author":8,"featured_media":15076,"comment_status":"open","ping_status":"closed","template":"","meta":{"_mi_skip_tracking":false,"_tribe_events_status":"","_tribe_events_status_reason":""},"tags":[154],"tribe_events_cat":[],"_links":{"self":[{"href":"https:\/\/www.zoomfestival.org\/es\/wp-json\/wp\/v2\/tribe_events\/16551"}],"collection":[{"href":"https:\/\/www.zoomfestival.org\/es\/wp-json\/wp\/v2\/tribe_events"}],"about":[{"href":"https:\/\/www.zoomfestival.org\/es\/wp-json\/wp\/v2\/types\/tribe_events"}],"author":[{"embeddable":true,"href":"https:\/\/www.zoomfestival.org\/es\/wp-json\/wp\/v2\/users\/8"}],"replies":[{"embeddable":true,"href":"https:\/\/www.zoomfestival.org\/es\/wp-json\/wp\/v2\/comments?post=16551"}],"version-history":[{"count":2,"href":"https:\/\/www.zoomfestival.org\/es\/wp-json\/wp\/v2\/tribe_events\/16551\/revisions"}],"predecessor-version":[{"id":17024,"href":"https:\/\/www.zoomfestival.org\/es\/wp-json\/wp\/v2\/tribe_events\/16551\/revisions\/17024"}],"wp:featuredmedia":[{"embeddable":true,"href":"https:\/\/www.zoomfestival.org\/es\/wp-json\/wp\/v2\/media\/15076"}],"wp:attachment":[{"href":"https:\/\/www.zoomfestival.org\/es\/wp-json\/wp\/v2\/media?parent=16551"}],"wp:term":[{"taxonomy":"post_tag","embeddable":true,"href":"https:\/\/www.zoomfestival.org\/es\/wp-json\/wp\/v2\/tags?post=16551"},{"taxonomy":"tribe_events_cat","embeddable":true,"href":"https:\/\/www.zoomfestival.org\/es\/wp-json\/wp\/v2\/tribe_events_cat?post=16551"}],"curies":[{"name":"wp","href":"https:\/\/api.w.org\/{rel}","templated":true}]}}

«13 03 20» &#8211; SECCIÓN OFICIAL INFORMATIVOS

<h1>“12 03 20&#8243;</h1>
<h3>Marta Paixà, Ràdio i Televisió d’Andorra, Andorra, 2020. 55&#8242; </h3>
<p><strong>25 de noviembre. 19:30h. Online: ZoomLive</strong></p>
<p>Seguimiento y análisis de cómo la sociedad andorrana y el Gobierno, en particular, ha vivido desde que empezó el confinamiento hasta pasado el verano en el Principado de Andorra. Con imágenes y declaraciones inéditas.<br />
<a class="vc_general vc_btn3 vc_btn3-size-md vc_btn3-shape-rounded vc_btn3-style-flat vc_btn3-color-danger" href="/zoomLive/" title="" target="_blank" rel="noopener noreferrer">ZoomLive</a>   <a class="vc_general vc_btn3 vc_btn3-size-md vc_btn3-shape-rounded vc_btn3-style-outline vc_btn3-color-black" href="https://www.zoomfestival.org/es/portfolio-item/13-3-20/" title="" target="_blank" rel="noopener noreferrer">Más info</a></p>

<p>“12 03 20&#8243; Marta Paixà, Ràdio i Televisió d’Andorra, Andorra, 2020. 55&#8242; 25 de noviembre. 19:30h. Online: ZoomLive Seguimiento y análisis de cómo la sociedad andorrana y el Gobierno, en particular, ha vivido desde que empezó el confinamiento hasta pasado&hellip;</p>
