{"id":21066,"date":"2022-10-26T08:59:27","date_gmt":"2022-10-26T06:59:27","guid":{"rendered":"https:\/\/www.zoomfestival.org\/esdeveniment\/zoom-class-khuylo-guerra-en-ucrania-la-produccio-audiovisual-en-zones-de-conflicte\/"},"modified":"2022-11-11T11:07:14","modified_gmt":"2022-11-11T10:07:14","slug":"zoom-class-khuylo-guerra-en-ucrania-la-produccio-audiovisual-en-zones-de-conflicte","status":"publish","type":"tribe_events","link":"https:\/\/www.zoomfestival.org\/es\/esdeveniment\/zoom-class-khuylo-guerra-en-ucrania-la-produccio-audiovisual-en-zones-de-conflicte","title":{"rendered":"ZOOM CLASS: \u00abKhuylo. Guerra en Ucrania\u00bb. La producci\u00f3 audiovisual en zones de conflicte"},"content":{"rendered":"<h1><strong>ZOOM CLASS: \u00abKhuylo. Guerra en Ucrania\u00bb. La producci\u00f3 audiovisual en zones de conflicte<\/strong><\/h1>\n<p><strong>Divendres 25 de novembre. 11:30h. Teatre Municipal Ateneu<\/strong><\/p>\n<p>En Joakim M. Vila \u00e9s un realitzador audiovisual que va agafar la seva c\u00e0mera i va anar fins Ucra\u00efna en plena guerra. C\u00e0mera en m\u00e0, va parlar amb molts testimonis de persones despla\u00e7ades i refugiades, amb civils que viuen enmig de llocs bombardejats i tamb\u00e9 amb militars.<\/p>\n<p>La improvisaci\u00f3, els canvis constants de la realitat i els riscos que ha d&#8217;assumir el fotoperiodista, i als quals s&#8217;ha d&#8217;emmotllar constantment per seguir el fil de la proposta documental que pret\u00e9n aconseguir, s\u00f3n alguns dels aspectes que Joakim M. Vila explicar\u00e0 als presents. Un document audiovisual in\u00e8dit i valent, que posa en evid\u00e8ncia els efectes d\u2019una guerra. <\/p>\n<h3>Ponent:<\/h3>\n<p> <strong>Joakim M. Vila<\/strong>, director<\/p>\n<p><a class=\"vc_general vc_btn3 vc_btn3-size-md vc_btn3-shape-rounded vc_btn3-style-outline vc_btn3-color-black\" href=\"https:\/\/www.zoomfestival.org\/es\/inscripcions-a-zoomclass\/\" title=\"\" target=\"_blank\" rel=\"noopener noreferrer\">Inscriu-te<\/a><\/p>\n","protected":false},"excerpt":{"rendered":"<p>ZOOM CLASS: \u00abKhuylo. Guerra en Ucrania\u00bb. La producci\u00f3 audiovisual en zones de conflicte Divendres 25 de novembre. 11:30h. Teatre Municipal Ateneu En Joakim M. Vila \u00e9s un realitzador audiovisual que va agafar la seva c\u00e0mera i va anar fins Ucra\u00efna&hellip;<\/p>\n","protected":false},"author":8,"featured_media":20351,"comment_status":"open","ping_status":"closed","template":"","meta":{"_mi_skip_tracking":false,"_tribe_events_status":"","_tribe_events_status_reason":""},"tags":[],"tribe_events_cat":[141],"_links":{"self":[{"href":"https:\/\/www.zoomfestival.org\/es\/wp-json\/wp\/v2\/tribe_events\/21066"}],"collection":[{"href":"https:\/\/www.zoomfestival.org\/es\/wp-json\/wp\/v2\/tribe_events"}],"about":[{"href":"https:\/\/www.zoomfestival.org\/es\/wp-json\/wp\/v2\/types\/tribe_events"}],"author":[{"embeddable":true,"href":"https:\/\/www.zoomfestival.org\/es\/wp-json\/wp\/v2\/users\/8"}],"replies":[{"embeddable":true,"href":"https:\/\/www.zoomfestival.org\/es\/wp-json\/wp\/v2\/comments?post=21066"}],"version-history":[{"count":1,"href":"https:\/\/www.zoomfestival.org\/es\/wp-json\/wp\/v2\/tribe_events\/21066\/revisions"}],"predecessor-version":[{"id":21699,"href":"https:\/\/www.zoomfestival.org\/es\/wp-json\/wp\/v2\/tribe_events\/21066\/revisions\/21699"}],"wp:featuredmedia":[{"embeddable":true,"href":"https:\/\/www.zoomfestival.org\/es\/wp-json\/wp\/v2\/media\/20351"}],"wp:attachment":[{"href":"https:\/\/www.zoomfestival.org\/es\/wp-json\/wp\/v2\/media?parent=21066"}],"wp:term":[{"taxonomy":"post_tag","embeddable":true,"href":"https:\/\/www.zoomfestival.org\/es\/wp-json\/wp\/v2\/tags?post=21066"},{"taxonomy":"tribe_events_cat","embeddable":true,"href":"https:\/\/www.zoomfestival.org\/es\/wp-json\/wp\/v2\/tribe_events_cat?post=21066"}],"curies":[{"name":"wp","href":"https:\/\/api.w.org\/{rel}","templated":true}]}}

ZOOM CLASS: «Khuylo. Guerra en Ucrania». La producció audiovisual en zones de conflicte

<h1><strong>ZOOM CLASS: «Khuylo. Guerra en Ucrania». La producció audiovisual en zones de conflicte</strong></h1>
<p><strong>Divendres 25 de novembre. 11:30h. Teatre Municipal Ateneu</strong></p>
<p>En Joakim M. Vila és un realitzador audiovisual que va agafar la seva càmera i va anar fins Ucraïna en plena guerra. Càmera en mà, va parlar amb molts testimonis de persones desplaçades i refugiades, amb civils que viuen enmig de llocs bombardejats i també amb militars.</p>
<p>La improvisació, els canvis constants de la realitat i els riscos que ha d&#8217;assumir el fotoperiodista, i als quals s&#8217;ha d&#8217;emmotllar constantment per seguir el fil de la proposta documental que pretén aconseguir, són alguns dels aspectes que Joakim M. Vila explicarà als presents. Un document audiovisual inèdit i valent, que posa en evidència els efectes d’una guerra. </p>
<h3>Ponent:</h3>
<p> <strong>Joakim M. Vila</strong>, director</p>
<p><a class="vc_general vc_btn3 vc_btn3-size-md vc_btn3-shape-rounded vc_btn3-style-outline vc_btn3-color-black" href="https://www.zoomfestival.org/es/inscripcions-a-zoomclass/" title="" target="_blank" rel="noopener noreferrer">Inscriu-te</a></p>

<p>ZOOM CLASS: «Khuylo. Guerra en Ucrania». La producció audiovisual en zones de conflicte Divendres 25 de novembre. 11:30h. Teatre Municipal Ateneu En Joakim M. Vila és un realitzador audiovisual que va agafar la seva càmera i va anar fins Ucraïna&hellip;</p>
