{"id":21419,"date":"2022-11-03T12:00:50","date_gmt":"2022-11-03T11:00:50","guid":{"rendered":"https:\/\/www.zoomfestival.org\/esdeveniment\/quico-sabater-sense-desti-seccio-oficial-ficcio\/"},"modified":"2022-11-11T09:59:32","modified_gmt":"2022-11-11T08:59:32","slug":"quico-sabater-sense-desti-seccio-oficial-ficcio","status":"publish","type":"tribe_events","link":"https:\/\/www.zoomfestival.org\/es\/esdeveniment\/quico-sabater-sense-desti-seccio-oficial-ficcio","title":{"rendered":"Inauguraci\u00f3 del Zoom Festival 2022 + \u00abQuico Sabater, sense dest\u00ed\u00bb (SECCI\u00d3 OFICIAL FICCI\u00d3)"},"content":{"rendered":"<h1>Inauguraci\u00f3 del Zoom Festival 2022 + projecci\u00f3 de \u00abQuico Sabater, sense dest\u00ed\u00bb (SECCI\u00d3 OFICIAL FICCI\u00d3)<\/h1>\n<p>S\u00edlvia Quer. Minimal Films, Televisi\u00f3 de Catalunya. Espanya, ficci\u00f3, 2021, 83&#8242;. VOC<\/p>\n<p><strong>Dimarts 22 de novembre. 20:30h. Sala Gran Cinema Ateneu<\/strong><\/p>\n<p>Inauguraci\u00f3 del Zoom Festival 2022 i projecci\u00f3 de la pel\u00b7l\u00edcula \u00abQuico Sabater, sense dest\u00ed\u00bb dedicada a la vida de Quico Sabater, anarquista exiliat a Fran\u00e7a amb molts anys de lluita a l&#8217;esquena.<\/p>\n<p><a class=\"vc_general vc_btn3 vc_btn3-size-md vc_btn3-shape-rounded vc_btn3-style-flat vc_btn3-color-danger\" href=\"https:\/\/entrades.ateneucinema.cat\/comprar\/W4pd5bKceR\" title=\"\" target=\"_blank\" rel=\"noopener noreferrer\">Entrada<\/a>   <a class=\"vc_general vc_btn3 vc_btn3-size-md vc_btn3-shape-rounded vc_btn3-style-outline vc_btn3-color-black\" href=\"https:\/\/www.zoomfestival.org\/es\/portfolio-item\/quico-sabate-sense-desti\/\" title=\"\" target=\"_blank\" rel=\"noopener noreferrer\">M\u00e9s informaci\u00f3<\/a><\/p>\n","protected":false},"excerpt":{"rendered":"<p>Inauguraci\u00f3 del Zoom Festival 2022 + projecci\u00f3 de \u00abQuico Sabater, sense dest\u00ed\u00bb (SECCI\u00d3 OFICIAL FICCI\u00d3) S\u00edlvia Quer. Minimal Films, Televisi\u00f3 de Catalunya. Espanya, ficci\u00f3, 2021, 83&#8242;. VOC Dimarts 22 de novembre. 20:30h. Sala Gran Cinema Ateneu Inauguraci\u00f3 del Zoom Festival&hellip;<\/p>\n","protected":false},"author":8,"featured_media":20147,"comment_status":"open","ping_status":"closed","template":"","meta":{"_mi_skip_tracking":false,"_tribe_events_status":"","_tribe_events_status_reason":""},"tags":[],"tribe_events_cat":[],"_links":{"self":[{"href":"https:\/\/www.zoomfestival.org\/es\/wp-json\/wp\/v2\/tribe_events\/21419"}],"collection":[{"href":"https:\/\/www.zoomfestival.org\/es\/wp-json\/wp\/v2\/tribe_events"}],"about":[{"href":"https:\/\/www.zoomfestival.org\/es\/wp-json\/wp\/v2\/types\/tribe_events"}],"author":[{"embeddable":true,"href":"https:\/\/www.zoomfestival.org\/es\/wp-json\/wp\/v2\/users\/8"}],"replies":[{"embeddable":true,"href":"https:\/\/www.zoomfestival.org\/es\/wp-json\/wp\/v2\/comments?post=21419"}],"version-history":[{"count":1,"href":"https:\/\/www.zoomfestival.org\/es\/wp-json\/wp\/v2\/tribe_events\/21419\/revisions"}],"predecessor-version":[{"id":21629,"href":"https:\/\/www.zoomfestival.org\/es\/wp-json\/wp\/v2\/tribe_events\/21419\/revisions\/21629"}],"wp:featuredmedia":[{"embeddable":true,"href":"https:\/\/www.zoomfestival.org\/es\/wp-json\/wp\/v2\/media\/20147"}],"wp:attachment":[{"href":"https:\/\/www.zoomfestival.org\/es\/wp-json\/wp\/v2\/media?parent=21419"}],"wp:term":[{"taxonomy":"post_tag","embeddable":true,"href":"https:\/\/www.zoomfestival.org\/es\/wp-json\/wp\/v2\/tags?post=21419"},{"taxonomy":"tribe_events_cat","embeddable":true,"href":"https:\/\/www.zoomfestival.org\/es\/wp-json\/wp\/v2\/tribe_events_cat?post=21419"}],"curies":[{"name":"wp","href":"https:\/\/api.w.org\/{rel}","templated":true}]}}

Inauguració del Zoom Festival 2022 + «Quico Sabater, sense destí» (SECCIÓ OFICIAL FICCIÓ)

<h1>Inauguració del Zoom Festival 2022 + projecció de «Quico Sabater, sense destí» (SECCIÓ OFICIAL FICCIÓ)</h1>
<p>Sílvia Quer. Minimal Films, Televisió de Catalunya. Espanya, ficció, 2021, 83&#8242;. VOC</p>
<p><strong>Dimarts 22 de novembre. 20:30h. Sala Gran Cinema Ateneu</strong></p>
<p>Inauguració del Zoom Festival 2022 i projecció de la pel·lícula «Quico Sabater, sense destí» dedicada a la vida de Quico Sabater, anarquista exiliat a França amb molts anys de lluita a l&#8217;esquena.</p>
<p><a class="vc_general vc_btn3 vc_btn3-size-md vc_btn3-shape-rounded vc_btn3-style-flat vc_btn3-color-danger" href="https://entrades.ateneucinema.cat/comprar/W4pd5bKceR" title="" target="_blank" rel="noopener noreferrer">Entrada</a>   <a class="vc_general vc_btn3 vc_btn3-size-md vc_btn3-shape-rounded vc_btn3-style-outline vc_btn3-color-black" href="https://www.zoomfestival.org/es/portfolio-item/quico-sabate-sense-desti/" title="" target="_blank" rel="noopener noreferrer">Més informació</a></p>

<p>Inauguració del Zoom Festival 2022 + projecció de «Quico Sabater, sense destí» (SECCIÓ OFICIAL FICCIÓ) Sílvia Quer. Minimal Films, Televisió de Catalunya. Espanya, ficció, 2021, 83&#8242;. VOC Dimarts 22 de novembre. 20:30h. Sala Gran Cinema Ateneu Inauguració del Zoom Festival&hellip;</p>
