{"id":21427,"date":"2022-11-03T13:35:53","date_gmt":"2022-11-03T12:35:53","guid":{"rendered":"https:\/\/www.zoomfestival.org\/esdeveniment\/nobodys-child-seccio-oficial-ficcio\/"},"modified":"2022-11-11T11:12:27","modified_gmt":"2022-11-11T10:12:27","slug":"nobodys-child-seccio-oficial-ficcio","status":"publish","type":"tribe_events","link":"https:\/\/www.zoomfestival.org\/es\/esdeveniment\/nobodys-child-seccio-oficial-ficcio","title":{"rendered":"\u00abNobody&#8217;s Child\u00bb (SECCI\u00d3 OFICIAL FICCI\u00d3)"},"content":{"rendered":"<h1>\u00abNobody&#8217;s Child\u00bb (SECCI\u00d3 OFICIAL FICCI\u00d3)<\/h1>\n<p>Akim Isker, Fran\u00e7a, 2021, 110&#8242;. VOSC<\/p>\n<p><strong>Divendres 25 de novembre. 21:40h. Sala Petita Cinema Ateneu<\/strong><\/p>\n<p>Lyes \u00e9s arrencat d&#8217;Emilie, la mare adoptiva que l&#8217;ha criat des que era un nad\u00f3. Agathe, la germana d&#8217;Emilie, es nega a renunciar a Lyes i lluita contra el sistema.<\/p>\n<p><a class=\"vc_general vc_btn3 vc_btn3-size-md vc_btn3-shape-rounded vc_btn3-style-flat vc_btn3-color-danger\" href=\"https:\/\/entrades.ateneucinema.cat\/comprar\/kM2v0lWILv\" title=\"\" target=\"_blank\" rel=\"noopener noreferrer\">Entrada<\/a>   <a class=\"vc_general vc_btn3 vc_btn3-size-md vc_btn3-shape-rounded vc_btn3-style-outline vc_btn3-color-black\" href=\"https:\/\/www.zoomfestival.org\/en\/portfolio-item\/nobodys-child\/\" title=\"\" target=\"_blank\" rel=\"noopener noreferrer\">M\u00e9s informaci\u00f3<\/a><\/p>\n","protected":false},"excerpt":{"rendered":"<p>\u00abNobody&#8217;s Child\u00bb (SECCI\u00d3 OFICIAL FICCI\u00d3) Akim Isker, Fran\u00e7a, 2021, 110&#8242;. VOSC Divendres 25 de novembre. 21:40h. Sala Petita Cinema Ateneu Lyes \u00e9s arrencat d&#8217;Emilie, la mare adoptiva que l&#8217;ha criat des que era un nad\u00f3. Agathe, la germana d&#8217;Emilie, es&hellip;<\/p>\n","protected":false},"author":8,"featured_media":20139,"comment_status":"open","ping_status":"closed","template":"","meta":{"_mi_skip_tracking":false,"_tribe_events_status":"","_tribe_events_status_reason":""},"tags":[],"tribe_events_cat":[],"_links":{"self":[{"href":"https:\/\/www.zoomfestival.org\/es\/wp-json\/wp\/v2\/tribe_events\/21427"}],"collection":[{"href":"https:\/\/www.zoomfestival.org\/es\/wp-json\/wp\/v2\/tribe_events"}],"about":[{"href":"https:\/\/www.zoomfestival.org\/es\/wp-json\/wp\/v2\/types\/tribe_events"}],"author":[{"embeddable":true,"href":"https:\/\/www.zoomfestival.org\/es\/wp-json\/wp\/v2\/users\/8"}],"replies":[{"embeddable":true,"href":"https:\/\/www.zoomfestival.org\/es\/wp-json\/wp\/v2\/comments?post=21427"}],"version-history":[{"count":1,"href":"https:\/\/www.zoomfestival.org\/es\/wp-json\/wp\/v2\/tribe_events\/21427\/revisions"}],"predecessor-version":[{"id":21711,"href":"https:\/\/www.zoomfestival.org\/es\/wp-json\/wp\/v2\/tribe_events\/21427\/revisions\/21711"}],"wp:featuredmedia":[{"embeddable":true,"href":"https:\/\/www.zoomfestival.org\/es\/wp-json\/wp\/v2\/media\/20139"}],"wp:attachment":[{"href":"https:\/\/www.zoomfestival.org\/es\/wp-json\/wp\/v2\/media?parent=21427"}],"wp:term":[{"taxonomy":"post_tag","embeddable":true,"href":"https:\/\/www.zoomfestival.org\/es\/wp-json\/wp\/v2\/tags?post=21427"},{"taxonomy":"tribe_events_cat","embeddable":true,"href":"https:\/\/www.zoomfestival.org\/es\/wp-json\/wp\/v2\/tribe_events_cat?post=21427"}],"curies":[{"name":"wp","href":"https:\/\/api.w.org\/{rel}","templated":true}]}}

«Nobody&#8217;s Child» (SECCIÓ OFICIAL FICCIÓ)

<h1>«Nobody&#8217;s Child» (SECCIÓ OFICIAL FICCIÓ)</h1>
<p>Akim Isker, França, 2021, 110&#8242;. VOSC</p>
<p><strong>Divendres 25 de novembre. 21:40h. Sala Petita Cinema Ateneu</strong></p>
<p>Lyes és arrencat d&#8217;Emilie, la mare adoptiva que l&#8217;ha criat des que era un nadó. Agathe, la germana d&#8217;Emilie, es nega a renunciar a Lyes i lluita contra el sistema.</p>
<p><a class="vc_general vc_btn3 vc_btn3-size-md vc_btn3-shape-rounded vc_btn3-style-flat vc_btn3-color-danger" href="https://entrades.ateneucinema.cat/comprar/kM2v0lWILv" title="" target="_blank" rel="noopener noreferrer">Entrada</a>   <a class="vc_general vc_btn3 vc_btn3-size-md vc_btn3-shape-rounded vc_btn3-style-outline vc_btn3-color-black" href="https://www.zoomfestival.org/en/portfolio-item/nobodys-child/" title="" target="_blank" rel="noopener noreferrer">Més informació</a></p>

<p>«Nobody&#8217;s Child» (SECCIÓ OFICIAL FICCIÓ) Akim Isker, França, 2021, 110&#8242;. VOSC Divendres 25 de novembre. 21:40h. Sala Petita Cinema Ateneu Lyes és arrencat d&#8217;Emilie, la mare adoptiva que l&#8217;ha criat des que era un nadó. Agathe, la germana d&#8217;Emilie, es&hellip;</p>
