{"id":26097,"date":"2025-11-03T11:53:56","date_gmt":"2025-11-03T10:53:56","guid":{"rendered":"https:\/\/www.zoomfestival.org\/esdeveniment\/showcase-short-form-proyeccion-y-votacion"},"modified":"2025-11-19T11:00:11","modified_gmt":"2025-11-19T10:00:11","slug":"showcase-talento-emergente-proyeccion-y-votacion","status":"publish","type":"tribe_events","link":"https:\/\/www.zoomfestival.org\/es\/esdeveniment\/showcase-talento-emergente-proyeccion-y-votacion","title":{"rendered":"Showcase Talento Emergente. Proyecci\u00f3n y votaci\u00f3n"},"content":{"rendered":"<h1>ZOOM CLASS: Showcase Talento Emergente<\/h1>\n<p>Proyecci\u00f3n y votaci\u00f3n<\/p>\n<p><strong>Viernes 21 de noviembre. 11:30h. Teatre Ateneu Igualad\u00ed<\/strong><\/p>\n<p>Ven a la masterclass donde se proyectar\u00e1n varios trabajos presentados al Showcase Short Form, organizado conjuntamente con Serielizados Fest. Los asistentes podr\u00e1n votar el proyecto ganador, y el elegido recibir\u00e1 el premio Zoom a Mejor Piloto de Ficci\u00f3n 2025. Ser\u00e1 una oportunidad \u00fanica para ver propuestas frescas e innovadoras de la ficci\u00f3n serial, y formar parte del proceso de selecci\u00f3n de los mejores proyectos.<\/p>\n<p>Proyecci\u00f3n de los nominados:<\/p>\n<p>Pol y Obe de Robert Abecasis<br \/>\n\u201cPol es un adolescente so\u00f1ador y un poco torpe, obsesionado con conquistar la chica que le gusta y ser guai. Pero su vida se ve interrumpida por Obi, una entidad misteriosa, bromista y c\u00ednica, que aparece en el peor momento para sabotearlo.\u201d<\/p>\n<p>Josemi En l\u00ednea Animado de Josemi En l\u00ednea<br \/>\n\u00abUna serie de cortos ideados por Josemi En l\u00ednea y animados por Rub\u00e9n Del Pino en que se tratan temas como la cultura pop, internet y el costumbrismo, con el humor y la incomodidad como hilo conductor. Nominados a los \u00d2scar\u00bb<\/p>\n<p>(<3) de Norbert Palaz\u00f3n \u201c(<3) es una antolog\u00eda de chats de apps para ligar. Gente que se flipa, fantas\u00edas que te montas y, sobre todo, conversaciones de estas que cuando las vuelves a leer piensas: Por qu\u00e9 perd\u00ed el tiempo con esta persona?\u201d \nStorytellings con Emma de Emma Soler \n\u201cStorytellings con Emma\u201d es una serie de videos para internet que nace de dudas y reflexiones de una nueva adulta del siglo XXI. \"Ante la c\u00e1mara, converso como lo har\u00eda con una amiga, convirtiendo pensamientos en arte y, mica en mica, sac\u00e1ndome cosas del jefe.\u201d\"\n\n<strong>La votaci\u00f3n ser\u00e1 online in situ, despu\u00e9s de la proyecci\u00f3n de los nominados.<\/strong><\/p>\n","protected":false},"excerpt":{"rendered":"<p>ZOOM CLASS: Showcase Talento Emergente Proyecci\u00f3n y votaci\u00f3n Viernes 21 de noviembre. 11:30h. Teatre Ateneu Igualad\u00ed Ven a la masterclass donde se proyectar\u00e1n varios trabajos presentados al Showcase Short Form, organizado conjuntamente con Serielizados Fest. Los asistentes podr\u00e1n votar el&hellip;<\/p>\n","protected":false},"author":8,"featured_media":25582,"comment_status":"open","ping_status":"closed","template":"","meta":{"_mi_skip_tracking":false,"_tribe_events_status":"","_tribe_events_status_reason":""},"tags":[],"tribe_events_cat":[141],"_links":{"self":[{"href":"https:\/\/www.zoomfestival.org\/es\/wp-json\/wp\/v2\/tribe_events\/26097"}],"collection":[{"href":"https:\/\/www.zoomfestival.org\/es\/wp-json\/wp\/v2\/tribe_events"}],"about":[{"href":"https:\/\/www.zoomfestival.org\/es\/wp-json\/wp\/v2\/types\/tribe_events"}],"author":[{"embeddable":true,"href":"https:\/\/www.zoomfestival.org\/es\/wp-json\/wp\/v2\/users\/8"}],"replies":[{"embeddable":true,"href":"https:\/\/www.zoomfestival.org\/es\/wp-json\/wp\/v2\/comments?post=26097"}],"version-history":[{"count":3,"href":"https:\/\/www.zoomfestival.org\/es\/wp-json\/wp\/v2\/tribe_events\/26097\/revisions"}],"predecessor-version":[{"id":26306,"href":"https:\/\/www.zoomfestival.org\/es\/wp-json\/wp\/v2\/tribe_events\/26097\/revisions\/26306"}],"wp:featuredmedia":[{"embeddable":true,"href":"https:\/\/www.zoomfestival.org\/es\/wp-json\/wp\/v2\/media\/25582"}],"wp:attachment":[{"href":"https:\/\/www.zoomfestival.org\/es\/wp-json\/wp\/v2\/media?parent=26097"}],"wp:term":[{"taxonomy":"post_tag","embeddable":true,"href":"https:\/\/www.zoomfestival.org\/es\/wp-json\/wp\/v2\/tags?post=26097"},{"taxonomy":"tribe_events_cat","embeddable":true,"href":"https:\/\/www.zoomfestival.org\/es\/wp-json\/wp\/v2\/tribe_events_cat?post=26097"}],"curies":[{"name":"wp","href":"https:\/\/api.w.org\/{rel}","templated":true}]}}

Showcase Talento Emergente. Proyección y votación

<h1>ZOOM CLASS: Showcase Talento Emergente</h1>
<p>Proyección y votación</p>
<p><strong>Viernes 21 de noviembre. 11:30h. Teatre Ateneu Igualadí</strong></p>
<p>Ven a la masterclass donde se proyectarán varios trabajos presentados al Showcase Short Form, organizado conjuntamente con Serielizados Fest. Los asistentes podrán votar el proyecto ganador, y el elegido recibirá el premio Zoom a Mejor Piloto de Ficción 2025. Será una oportunidad única para ver propuestas frescas e innovadoras de la ficción serial, y formar parte del proceso de selección de los mejores proyectos.</p>
<p>Proyección de los nominados:</p>
<p>Pol y Obe de Robert Abecasis<br />
“Pol es un adolescente soñador y un poco torpe, obsesionado con conquistar la chica que le gusta y ser guai. Pero su vida se ve interrumpida por Obi, una entidad misteriosa, bromista y cínica, que aparece en el peor momento para sabotearlo.”</p>
<p>Josemi En línea Animado de Josemi En línea<br />
«Una serie de cortos ideados por Josemi En línea y animados por Rubén Del Pino en que se tratan temas como la cultura pop, internet y el costumbrismo, con el humor y la incomodidad como hilo conductor. Nominados a los Òscar»</p>
<p>(<3) de Norbert Palazón “(<3) es una antología de chats de apps para ligar. Gente que se flipa, fantasías que te montas y, sobre todo, conversaciones de estas que cuando las vuelves a leer piensas: Por qué perdí el tiempo con esta persona?” 
Storytellings con Emma de Emma Soler 
“Storytellings con Emma” es una serie de videos para internet que nace de dudas y reflexiones de una nueva adulta del siglo XXI. "Ante la cámara, converso como lo haría con una amiga, convirtiendo pensamientos en arte y, mica en mica, sacándome cosas del jefe.”"

<strong>La votación será online in situ, después de la proyección de los nominados.</strong></p>

<p>ZOOM CLASS: Showcase Talento Emergente Proyección y votación Viernes 21 de noviembre. 11:30h. Teatre Ateneu Igualadí Ven a la masterclass donde se proyectarán varios trabajos presentados al Showcase Short Form, organizado conjuntamente con Serielizados Fest. Los asistentes podrán votar el&hellip;</p>
